 - (-10 + 9))
-25
-47 - -45 - (43 + -77)
32
-12 + 39 + (-15 - 75)
-63
Calculate (4 - -28) + -7 + -16 - (49 + (-4 - -2)).
-38
What is -151 + (-38 - (37 - 155))?
-71
Evaluate -39 + (795 + -671 - (0 - -41)).
44
Evaluate -1 + -60 + 54 + -42.
-49
Evaluate (-4 - 21 - 29) + 42.
-12
Calculate (0 - -3) + -22 + 680 + -641.
20
What is (6 - (6 + 1 + -26 + 62)) + 3 + -4?
-38
What is the value of -112 + 46 + 37 + -27?
-56
Evaluate 21 + (15 - -29) + (12 - (-2 - -2)).
77
Calculate 24 + (13 - -18) + -35 - 4.
16
Evaluate (-89 - (-52 - 3)) + -15.
-49
What is the value of -4 + (-56 - -23 - -23)?
-14
What is the value of 3 - (-84 - -5) - (-2 + -12 - -5)?
91
Evaluate (67 - (98 + -70)) + 57.
96
Evaluate -46 + 2 + 1 + -7 + -5 + (-31 - -41).
-45
-60 + 93 + -52 + 28
9
Calculate 2 - (11 - (-7 - -23 - -5)).
12
What is the value of (-41 - 0) + (10 - (46 - 60))?
-17
Evaluate 11 + -1 + 4 + (23 - 12 - 29 - 34).
-38
Evaluate (-76 - -41 - -56) + -65.
-44
What is the value of 24 + -32 + 64 + -12?
44
What is (-91 - 4 - -5) + (-19 - -21) - (1 + -5)?
-84
Calculate (-4 - 4 - ((-11 - -30) + -1)) + 11.
-15
Evaluate -144 + (-150 - -19 - -234).
-41
What is -29 + 75 + -16 - 138?
-108
-1 - (46 - 50) - 35
-32
What is the value of (3 - -10) + (-13 + 94 - 51)?
43
Evaluate 14 + -1 - (24 - 9) - 18.
-20
What is the value of -59 - (-207 + 164) - -75?
59
What is the value of 1 + 54 + -4 + (-46 - (-33 + -17))?
55
-28165 - -28124 - (-11 + 4 - (-1 + -1))
-36
Evaluate 4 - -1 - (79 - (93 - 16)).
3
-24 - (-8 + 1 + -1 - (-70 + 47 + 12))
-27
What is the value of 167 + -31 - 61 - (-24 + -2 + 6)?
95
Calculate -9 + 16 + -11 - 5 - -2.
-7
Evaluate 3 + -8 + -77 + 37.
-45
What is the value of (-3 - (-14 + -1)) + (-57 - (-7 - -2))?
-40
Calculate -37 - (34 + (-72 - 24)) - 15.
10
Calculate 15 + (-24 - (-12 - (-90 - -14))).
-73
Calculate -11 - (-8 + 3) - ((-4 - 5) + 16 - 4).
-9
Calculate (3 + -26 - (0 - (-1 - -13))) + 37.
26
What is (-2 + 5 - (-44 - (-22 + -32))) + (33 - -3)?
29
Calculate -28 + -24 + (-12 - -18).
-46
What is 253 + -247 + (0 - -5) + (-24 - 6)?
-19
What is the value of 1 - 26 - (-40 + (53 - 24))?
-14
Calculate (94 - -5) + (3 - -18) + (-40 - -27) + 7.
114
What is the value of -15 + (85 - 0 - (523 - 518))?
65
Evaluate (-7 - ((113 + -13 - 2) + 3 + -3)) + 3.
-102
Evaluate 34 + -37 + 0 + 2 + 15.
14
Calculate (-17 - 0) + 87 + -11 + -154 - 5.
-100
Evaluate -30 + (39 - -30 - -19).
58
-47 + -7 + (-1 - (-24 - -20))
-51
Evaluate 82 - (-91 + 6 - -75).
92
What is -6 + -12 + (31 - ((-10 - -3) + 19))?
1
What is the value of 28 - 17 - ((7 - -62) + 3)?
-61
What is (49 - 22) + -12 + -22?
-7
Evaluate (1 - 22) + (-10 - (24 + -54)).
-1
-13 - (-1 + 1) - (-11 + 98 - 129)
29
What is -12 - 15 - (-9 + -6 + 8)?
-20
Evaluate (-11 - -21) + -7 + 2 + (-3 - 57) + 5.
-50
Calculate -26 - (47 - (58 + 17)).
2
Calculate 18 + 19 + 13 + -38 - (0 - -2) - -35.
45
What is the value of 19 + (22 - (63 + -31) - -4)?
13
What is the value of -23 - (-7 - 14 - (-98 + 74))?
-26
Evaluate -105 - (6 + (-3 - (-22 + 7)) + -14 - 13).
-96
What is the value of -1 + (1 - -2) + -46 + -2 + -22 + -2?
-70
Evaluate -4 - (-16 + 30 - 59 - -18).
23
What is the value of (-19 + 19 - 81) + 21 - (7 - 1)?
-66
15 + (-96 - (5 + -71))
-15
What is the value of (1 + 8 - (-7 - (-23 + 13))) + (-93 - -2)?
-85
What is 2 + 8 - (-28 + 13 + 17 + 0)?
8
Evaluate -82 - ((-12 - 13) + 1 + -1 + 2).
-59
Calculate (-82 - (-42 + -23)) + -1 + -54.
-72
(-58 - ((-19 - -14) + -6 - -15)) + 8 + 3
-51
Calculate 131 + -227 + 99 + -51 + -1 + -2.
-51
What is 53 + -4 - (-18 - (-23 + -1) - -13)?
30
Evaluate (-10 + 20 - 66) + (3 - (-2 + -1)).
-50
-36 - (-55 + (70 - 44))
-7
3 + -25 + 2 + 288 + -290
-22
What is the value of 2 - ((-4 - 4 - -3 - (-28 + 46)) + 2)?
23
What is (10 - 19) + 7 + 59 + 1 + 15?
73
(9 - -2) + (-6 - (2 - 5)) - 0
8
What is (3 - 28) + 120 - 50?
45
Calculate 10 - -11 - ((2 - -28) + -25).
16
(-53 + 40 - -42) + 0
29
What is -10 + 57 + (-35 - -40)?
52
Evaluate 4 + -20 + 0 - (2 + 6 + -3 - 4).
-17
Calculate -165 + 182 + 14 - (0 - 54).
85
9 - ((-33 - 93 - -44) + (-1 - -5) + 0)
87
Evaluate -11 + (26 - -7 - 6) + 4 + -1.
19
Calculate -8 + -5 - ((-25 - -12 - -26) + -64).
38
What is the value of (57 - 46 - 7) + -16?
-12
-29 - (0 + 4 + 777 + -741)
-69
What is 5 - ((1 - (6 + -3)) + (17 - (6 + 9)))?
5
18 - (2 - (9 - 6) - -8) - (20 - -10)
-19
What is 17 + (17 - (13 - (-2 + (-5 - -6))))?
20
-406 + 450 + (-7 - -17) + 49
103
-88 - 11 - (463 - 651)
89
Evaluate (16 - (-7 - -15)) + -16 - (-6 - -3) - 3.
-8
(-6 - 41) + -10 + (1 - 16) + 11
-61
What is (1 - 4) + 3 + (-123 - -65) + 27 + 9?
-22
Evaluate (1 - -133) + 7 + 2 + -17 + (247 - 223).
150
Evaluate (49 - (19 - (10 - (8 + -8)))) + 6.
46
Evaluate 435 + -428 - (1 + 0 + 53).
-47
Evaluate (26 - 90 - -102) + -16 + 38.
60
Evaluate (40 - 63) + 11 + 10 - -18.
16
What is (8 + -9 + -3 - 2) + 2 + 3 + -66?
-67
What is (15 - 14) + -40 + 15 + 2?
-22
1 - (0 + (30 - 13 - 7) + (-10 - 0))
1
Evaluate -8 + -1 + 1 + -1 + (244 - (193 - -90)).
-48
Calculate 1 - 51 - (-768 - -732).
-14
Evaluate 77 - (2 + 13 - -12).
50
-76 + 7 + 45 - (-7 + -47)
30
What is the value of -2 - -46 - ((-20 - 43) + 67 + 3 + 0)?
37
What is 1 + 6 - (27222 - 27136)?
-79
What is the value of (-4 - -47) + (-110 - -133) + 0 + -10?
56
What is the value of 25 - (40 + -18) - -1 - -5?
9
-7 - ((0 - -12) + 30)
-49
Evaluate 20 + -2 - ((37 - 64 - -16) + -10).
39
(778 + -788 - (1 + 1 + -11)) + 67
66
Evaluate -12 + 55 + -3 + -85.
-45
Evaluate (4 + 0 + -3 - 5) + -290 + 187 - -1.
-106
What is 107 - (-2 - -59) - 114?
-64
What is the value of -78 + -80 - (36 - 49 - -9)?
-154
What is the value of (24 - -19) + -4 + 7 + 3?
49
Evaluate 63 - (15 + -26 + 15) - (-1 + -1).
61
10 + 52 + 39 + -74
27
26 + (-2 - 30) + 137 + -134
-3
What is -2 - (-6 + (-14 - -8 - -16) - 5) - 21?
-22
Evaluate -53 + 58 - (16 + -32) - (-2 + -105).
128
-9 + 0 + (-60 - -31) + 37 + -38
-39
-6 + -7 + 33 + 31
51
What is the value of -62 + (-3 - -2) + -62 + 56 - (-10 - -11)?
-70
Calculate (344 - (-97 + 437)) + 0 + 20.
24
Calculate -2 + 1 + -1 + -109 + (2 - -84).
-25
What is (65 + 45 - 56) + 4?
58
Calculate 7 + (-3 - (0 - -2)) - 0 - (-131 + 125).
8
Evaluate 9 - (10 + -9 + -32).
40
Calculate -41 - (38 - (58 + -33)).
-54
Evaluate -8 - (-7 + 5) - (12 + -9 + -13).
4
Calculate (-16 + 4 - -4) + (-10 - -16) + 2 + -84.
-84
Calculate 19 + -85 + 43 + 5.
-18
Evaluate 60 + -98 + 81 + (-1 - -8) + 13.
63
Evaluate (1 - (0 - 119)) + 60 + -55 + (-10 - 6).
109
What is the value of 5 + -9 + 1 + -2 - 16 - (4 + -17)?
-8
18 + 27 - (-34 + 27)
52
Evaluate 28 - (-15 - (28 + -28)).
43
Calculate (39 - -20 - 83) + 40.
16
Calculate (62 + -82 - -30) + 28.
38
Evaluate 13 + 7 + -25 + 1 + 32.
28
((-20 - -13) + 168 - 2) + 12 + 8 + -28
151
What is -5 + -5 + 29 + 4 - -30?
53
What is the value of 557 + -565 + -16 + 10?
-14
Evaluate -28 + -1 - -77 - -1.
49
Evaluate (-7 - 3) + 13 + -36 - -36.
3
Evaluate -1 + 2 + -9 + -122 + 128 + 6 + -72.
-68
Calculate (-6 - 25 - (-22 - (8 - 16))) + -16.
-33
What is (91 - 200) + 47 - (22 - 0 - -2)?
-86
Evaluate 2 + 5 + (-2 - 5) - (4 + -4 + -5).
5
Calculate (-2 - -17) + 3 + -30 + 15 + 2.
5
Calculate 55 - (34 - -16 - -3).
2
(-28 - (-26 + 26 - 12)) + 113
97
Calculate -47 + ((7 - -5) + 1 - -3).
-31
What is the value of -50 - (14 + -40 - -58 - -3)?
-85
-7 + 0 + (-16 - -59) + (-8 - 1)
27
Evaluate -1 + (-22 + 20 + 19 - 20).
-4
-131 + 161 + (0 - -54) + 7 + 1
92
Calculate (15 + -15 + 10 - 126) + (-52 - -43).
-125
Evaluate (37 - -3) + -20 + -29.
-9
What is 114 + (1 - (-44 + 74)) - -27?
112
Calculate -18 + (6 - (3 + 3)) + 1 + -22.
-39
What is 9 + (-1 - 10) - (13 + 1 + -22)?
6
What is the value of 4 - 17 - (4 - 101 - 10 - (-1 - 8))?
85
-301 + 307 - (132 + -13 + 0 + 7)
-120
-85 + (-55 - -122) + -1 + -55 + 0
-74
Evaluate -55 - (-111 - 57) - 58.
55
What is (-354 - -395) + (4 - 46) + 0?
-1
47 - (-16 + 6 + 18)
39
What is the value of -1 + -21 + 30 + (1 - (-3 - (4 - 0)))?
16
-142 + 167 + -3 + (-2 - -10)
30
What is the value of -15 + 3 + 3 + (-20 - (-8 - -1)) + -6?
-28
116 + 101 - 121 - 30
66
Evaluate 16 + 1 - (-52 - -79) - (1 - 23).
12
What is (-17 - -5) + 10 - (2 + 7 + 11)?
-22
What is the value of 13 - (-7 + 12 + (12 - 45) + 22)?
19
Evaluate (17 - 41) + 12 - (-11 - (0 + -18) - -124).
-143
Evaluate -41 - (2 + (-6 + 13 - 15)).
-35
Calculate (-7 - 5) + -1 + 0 - -20 - 18.
-11
-2 + -1